at is the greatest common divisor of 9412 and 7456657?
2353
Calculate the greatest common divisor of 8244 and 117.
9
Calculate the highest common divisor of 5 and 24835.
5
What is the highest common factor of 11097 and 6399?
81
Calculate the greatest common factor of 319 and 10736.
11
What is the highest common factor of 8586 and 162?
162
What is the highest common factor of 2376 and 81048?
264
What is the greatest common factor of 45901 and 466?
233
Calculate the greatest common divisor of 720 and 106740.
180
Calculate the greatest common factor of 43653 and 1.
1
Calculate the highest common factor of 177851 and 18210.
607
What is the highest common divisor of 161282 and 374?
22
Calculate the greatest common factor of 188976 and 1143.
381
What is the highest common divisor of 73519 and 74?
37
What is the highest common divisor of 581 and 13538?
7
Calculate the highest common factor of 1498560 and 105.
105
What is the highest common divisor of 15776 and 119799?
493
What is the highest common divisor of 180297 and 663?
39
What is the greatest common divisor of 140647 and 8866?
403
What is the greatest common factor of 370966 and 14?
2
What is the highest common divisor of 414705 and 60?
15
Calculate the highest common factor of 674287 and 71.
71
Calculate the greatest common factor of 93 and 4721238.
93
Calculate the highest common factor of 147461 and 167.
167
What is the greatest common factor of 19605 and 135?
15
What is the greatest common divisor of 12001 and 22?
11
What is the highest common divisor of 3132 and 79416?
36
Calculate the greatest common divisor of 6533 and 695.
139
Calculate the greatest common factor of 3188 and 8.
4
What is the highest common divisor of 8547 and 10545?
111
Calculate the greatest common factor of 3488 and 13516.
436
What is the highest common divisor of 3105 and 1215?
135
Calculate the highest common divisor of 803 and 50688.
11
What is the highest common divisor of 23072 and 28?
28
What is the highest common divisor of 604741 and 17?
17
What is the highest common factor of 32 and 14480?
16
Calculate the highest common factor of 2260290 and 1277.
1277
What is the greatest common divisor of 3587 and 10128?
211
What is the highest common factor of 1048079 and 217?
31
What is the highest common divisor of 5208 and 2240?
56
Calculate the highest common divisor of 2 and 85048.
2
What is the highest common factor of 2923 and 48743?
79
What is the highest common divisor of 22923 and 133293?
849
What is the highest common divisor of 2873918 and 51?
17
What is the highest common divisor of 34236 and 1404?
108
What is the greatest common factor of 46728 and 968?
88
Calculate the greatest common divisor of 332 and 642.
2
Calculate the highest common divisor of 78136 and 600.
8
Calculate the greatest common divisor of 58 and 1002994.
58
Calculate the greatest common factor of 6336956 and 398.
398
Calculate the greatest common factor of 264 and 126648.
24
What is the greatest common divisor of 1216 and 5351616?
1216
Calculate the highest common factor of 10 and 599060.
10
Calculate the greatest common factor of 721902 and 2686.
158
What is the highest common divisor of 22 and 1950707?
11
Calculate the highest common divisor of 31737 and 5325.
213
Calculate the greatest common factor of 355 and 36139.
71
Calculate the highest common divisor of 488 and 503738.
122
What is the greatest common divisor of 1105419 and 63?
21
Calculate the highest common divisor of 391 and 425.
17
What is the greatest common factor of 2560 and 170?
10
What is the greatest common divisor of 600 and 30792?
24
What is the greatest common divisor of 8502 and 1794?
78
Calculate the greatest common divisor of 3197 and 5143.
139
What is the highest common divisor of 17765 and 22185?
85
Calculate the highest common factor of 126874 and 506.
22
Calculate the highest common factor of 76668 and 36.
12
What is the greatest common factor of 27269 and 64306?
407
Calculate the greatest common divisor of 48 and 29514.
6
What is the highest common divisor of 19182 and 276?
138
Calculate the highest common factor of 1848 and 176484.
924
What is the highest common divisor of 406 and 15486?
58
Calculate the highest common divisor of 88 and 142208.
88
What is the highest common factor of 392 and 173068?
196
What is the highest common divisor of 1140 and 109920?
60
Calculate the highest common divisor of 162414 and 30.
6
Calculate the greatest common factor of 18015 and 160934.
1201
Calculate the greatest common divisor of 1169 and 16.
1
Calculate the highest common divisor of 2635 and 510.
85
Calculate the highest common factor of 12 and 4876344.
12
What is the greatest common divisor of 288 and 261536?
32
Calculate the highest common divisor of 1113 and 573.
3
Calculate the highest common factor of 15848 and 728.
56
What is the highest common factor of 2491 and 3055?
47
Calculate the greatest common divisor of 242 and 5522.
22
Calculate the greatest common factor of 7191 and 1071.
153
Calculate the greatest common divisor of 6680 and 310.
10
Calculate the highest common divisor of 6 and 226978.
2
Calculate the greatest common factor of 628268 and 368.
92
What is the highest common factor of 6150174 and 12?
6
Calculate the greatest common divisor of 489435 and 134.
67
What is the greatest common divisor of 913 and 11?
11
Calculate the greatest common divisor of 4440 and 148185.
555
Calculate the highest common divisor of 14520 and 8800.
440
Calculate the highest common divisor of 8440 and 38360.
40
Calculate the greatest common divisor of 13284 and 49692.
492
What is the greatest common factor of 7115840 and 296?
296
What is the highest common divisor of 11849 and 656?
41
Calculate the greatest common factor of 296310 and 1071.
357
Calculate the highest common divisor of 1550 and 1725.
25
What is the highest common factor of 5473 and 936?
13
Calculate the highest common factor of 1443 and 5889.
39
What is the greatest common factor of 45984 and 384?
96
What is the highest common divisor of 3170 and 130?
10
What is the highest common divisor of 73112 and 1079?
13
What is the highest common factor of 495 and 55170?
45
What is the greatest common divisor of 258 and 73358?
86
Calculate the highest common divisor of 53760 and 105.
105
What is the greatest common divisor of 175 and 1312525?
25
What is the greatest common factor of 875 and 1169?
7
Calculate the greatest common divisor of 1606 and 14102.
22
What is the highest common divisor of 25738 and 45420?
1514
Calculate the highest common divisor of 7885 and 1615.
95
What is the highest common divisor of 2749308 and 1428?
204
Calculate the greatest common factor of 457967 and 838.
419
Calculate the highest common factor of 28 and 882826.
14
What is the greatest common divisor of 15 and 2825670?
15
Calculate the highest common divisor of 1625088 and 1380.
276
Calculate the greatest common divisor of 66 and 6369.
33
Calculate the greatest common factor of 26878 and 23852.
178
What is the highest common factor of 3412670 and 10?
10
What is the greatest common divisor of 47892 and 4836?
156
What is the highest common divisor of 66719 and 974?
487
What is the highest common factor of 17150 and 356034?
686
Calculate the greatest common factor of 9528 and 2004.
12
What is the greatest common divisor of 1776 and 6144?
48
Calculate the highest common factor of 479136 and 1860.
372
What is the greatest common factor of 1824 and 671688?
456
What is the highest common factor of 1782 and 26001?
81
What is the greatest common divisor of 126 and 29421?
63
Calculate the greatest common factor of 598 and 64814.
46
What is the greatest common divisor of 2081263 and 601?
601
What is the greatest common divisor of 32 and 67168?
32
What is the highest common divisor of 154 and 267568?
14
Calculate the greatest common divisor of 7 and 331009.
7
Calculate the greatest common divisor of 47974 and 14450.
578
Calculate the greatest common factor of 112513 and 767.
59
What is the highest common divisor of 12408 and 52536?
264
What is the greatest common divisor of 3840 and 52512?
96
What is the greatest common divisor of 2030 and 19430?
290
What is the greatest common divisor of 15129 and 451?
41
Calculate the greatest common factor of 2